{"id":274,"date":"2015-01-27T07:44:57","date_gmt":"2015-01-27T06:44:57","guid":{"rendered":"http:\/\/www.sedigas.es\/informeanual\/2015\/?page_id=274"},"modified":"2025-06-25T11:20:28","modified_gmt":"2025-06-25T09:20:28","slug":"demanda","status":"publish","type":"page","link":"https:\/\/www.sedigas.es\/informeanual\/2024\/demanda\/","title":{"rendered":"Demanda"},"content":{"rendered":"<div class=\"fusion-fullwidth fullwidth-box\" style=\"background-attachment:scroll;background-position:left top;background-repeat:no-repeat;-webkit-background-size:cover;-moz-background-size:cover;-o-background-size:cover;background-size:cover;border-color:#eae9e9;border-bottom-width: 0px;border-top-width: 0px;border-bottom-style: solid;border-top-style: solid;padding-bottom:20px;padding-left:0px;padding-right:0px;padding-top:20px;\"><div class=\"avada-row\"><div class=\"fusion-two-third two_third fusion-layout-column fusion-column spacing-yes\"><div class=\"fusion-column-wrapper\">\n<h2><strong>La demanda de gas en Espa\u00f1a se redujo un 4,2%<\/strong><\/h2>\nEl sistema gasista espa\u00f1ol demostr\u00f3 de nuevo su resiliencia en 2024, un ejercicio en el que volvi\u00f3 a operar con total normalidad, garantizando a todos los consumidores el suministro de gas los 365 d\u00edas del a\u00f1o.<\/p>\n<p>La demanda de gas natural en el mercado nacional alcanz\u00f3 los 311,9 TWh, un 4,2% menos respecto al a\u00f1o anterior.<\/p>\n<p>La demanda convencional, destinada a los consumos de hogares, comercios e industrias, se increment\u00f3 un 3,2% con respecto al a\u00f1o anterior, hasta alcanzar los 237,1 TWh, motivado principalmente por un mayor consumo industrial (176,8 TWh, 7,1 TWh m\u00e1s que en 2023, con un incremento del 4,2%). Este aumento estuvo impulsado principalmente por el consumo en los sectores de refino, construcci\u00f3n, electricidad y qu\u00edmica\/farmac\u00e9utica.<\/p>\n<p>El mercado dom\u00e9stico-comercial y de pymes registr\u00f3 una disminuci\u00f3n de 0,7 TWh (-1,4%), debido a temperaturas sensiblemente m\u00e1s c\u00e1lidas.<\/p>\n<p>Por comunidades aut\u00f3nomas, las de mayores consumos fueron Catalu\u00f1a, Andaluc\u00eda, Comunidad Valenciana y Murcia. Entre ellas suman m\u00e1s de la mitad del consumo total de gas natural en Espa\u00f1a.<\/p>\n<p>En 2024, las <strong>entregas de gas para el sector el\u00e9ctrico<\/strong> alcanzaron los 74,7 TWh, un 21,9% menos que en 2023, debido al aumento de generaci\u00f3n renovable (solar e hidr\u00e1ulica, principalmente) y a menores exportaciones de electricidad por conexiones internacionales (-4,0 TWh). La generaci\u00f3n hidr\u00e1ulica aument\u00f3 en 15,1 TWh, y la solar en 8,0 TWh. Esta \u00faltima registr\u00f3 un aumento de la potencia instalada de 7,3 GW, superando por primera vez a la e\u00f3lica. El resto de las renovables experimentaron un crecimiento de 5,3 TWh.<\/p>\n<p>Los periodos de baja generaci\u00f3n e\u00f3lica y solar han sido cubiertos en m\u00e1s de un 85% por ciclos combinados para garantizar el suministro el\u00e9ctrico.<\/p>\n<p>La demanda de energ\u00eda el\u00e9ctrica en Espa\u00f1a ha experimentado un aumento del 1,6% (+3,6 TWh), y el gas natural ha aportado un 11% a la cobertura de esa demanda.<\/div><\/div><div class=\"fusion-one-third one_third fusion-layout-column fusion-column last spacing-yes\"><div class=\"fusion-column-wrapper\"><span class=\"fusion-imageframe imageframe imageframe-none imageframe-1\"> <img decoding=\"async\" src=\"https:\/\/www.sedigas.es\/informeanual\/2024\/wp-content\/uploads\/2015\/01\/demanda-de-gas-natural-informe-sistema-gasista-sedigas-2022.jpg\" alt=\"demanda de gas natural informe sistema gasista sedigas 2022\" class=\"img-responsive\" \/><\/span>\n<h6 style=\"text-align: right;\"><span style=\"color: #000000;\">La demanda convencional, destinada a los consumos de hogares, comercios e industrias, se increment\u00f3 un 3,2% <\/span><\/h6>\n<\/div><\/div><div class=\"fusion-clearfix\"><\/div><\/div><\/div><div class=\"fusion-sep-clear\"><\/div><div class=\"fusion-separator fusion-full-width-sep sep-single\" style=\"border-color:#00cc66;margin-top:10px;margin-bottom:10px;\"><\/div><div class=\"fusion-fullwidth fullwidth-box\" style=\"background-attachment:scroll;background-position:left top;background-repeat:no-repeat;-webkit-background-size:cover;-moz-background-size:cover;-o-background-size:cover;background-size:cover;border-color:#eae9e9;border-bottom-width: 0px;border-top-width: 0px;border-bottom-style: solid;border-top-style: solid;padding-bottom:20px;padding-left:0px;padding-right:0px;padding-top:20px;\"><div class=\"avada-row\"><div class=\"fusion-one-third one_third fusion-layout-column fusion-column spacing-yes\"><div class=\"fusion-column-wrapper\">\n<h2 style=\"text-align: left;\"><\/h2>\n<h2 style=\"text-align: left;\">Distribuci\u00f3n de la demanda por sectores (2024)<\/h2>\n<\/div><\/div><div class=\"fusion-two-third two_third fusion-layout-column fusion-column last spacing-yes\"><div class=\"fusion-column-wrapper\"><div id=\"chartdiv\" style=\"width: 100%; height: 500px;\"><\/div>\r\n<style>\r\n  svg g[role=region] + g > g > g[aria-labelledby=id-66-title] {\r\n    display: none;\r\n  }\r\n<\/style><\/div><\/div><div class=\"fusion-clearfix\"><\/div><div class=\"fusion-sep-clear\"><\/div><div class=\"fusion-separator fusion-full-width-sep sep-single\" style=\"border-color:#00cc66;margin-top:10px;margin-bottom:10px;\"><\/div><\/div><\/div><div class=\"fusion-fullwidth fullwidth-box\" style=\"background-attachment:scroll;background-position:left top;background-repeat:no-repeat;-webkit-background-size:cover;-moz-background-size:cover;-o-background-size:cover;background-size:cover;border-color:#eae9e9;border-bottom-width: 0px;border-top-width: 0px;border-bottom-style: solid;border-top-style: solid;padding-bottom:20px;padding-left:0px;padding-right:0px;padding-top:20px;\"><div class=\"avada-row\"><div class=\"fusion-five-sixth fusion-layout-column fusion-column last spacing-yes\"><div class=\"fusion-column-wrapper\">\n<h2 style=\"text-align: left;\">Demanda de gas natural en Espa\u00f1a (TWh)<\/h2>\n\n<table id=\"tablepress-49\" class=\"tablepress tablepress-id-49 alinearDerecha\">\n<thead>\n<tr class=\"row-1 odd\">\n\t<th class=\"column-1\">Mercado<\/th><th class=\"column-2\">2023<\/th><th class=\"column-3\">2024<\/th><th class=\"column-4\">Variaci\u00f3n<\/th>\n<\/tr>\n<\/thead>\n<tbody class=\"row-hover\">\n<tr class=\"row-2 even\">\n\t<td class=\"column-1\">D\/C + PyMES<\/td><td class=\"column-2\">48,6<\/td><td class=\"column-3\">47,9<\/td><td class=\"column-4\">-1,4%<\/td>\n<\/tr>\n<tr class=\"row-3 odd\">\n\t<td class=\"column-1\">Industrial<\/td><td class=\"column-2\">169,7<\/td><td class=\"column-3\">176,8<\/td><td class=\"column-4\">+4,2%<\/td>\n<\/tr>\n<tr class=\"row-4 even\">\n\t<td class=\"column-1\">Cisternas GNL<\/td><td class=\"column-2\">11,6<\/td><td class=\"column-3\">12,4<\/td><td class=\"column-4\">+7,7%<\/td>\n<\/tr>\n<tr class=\"row-5 odd\">\n\t<td class=\"column-1\">S\u00edstema el\u00e9ctrico<\/td><td class=\"column-2\">95,7<\/td><td class=\"column-3\">74,7<\/td><td class=\"column-4\">-21,9%<\/td>\n<\/tr>\n<tr class=\"row-6 even\">\n\t<td class=\"column-1\">TOTAL<\/td><td class=\"column-2\">325,5<\/td><td class=\"column-3\">311,9<\/td><td class=\"column-4\">-4,2%<\/td>\n<\/tr>\n<\/tbody>\n<\/table>\n<!-- #tablepress-49 from cache --><\/div><\/div><div class=\"fusion-clearfix\"><\/div><\/div><\/div><div class=\"fusion-sep-clear\"><\/div><div class=\"fusion-separator fusion-full-width-sep sep-none\" style=\"border-color:#e0dede;margin-top:10px;margin-bottom:10px;\"><\/div><div class=\"fusion-one-half one_half fusion-layout-column fusion-column last spacing-yes\"><div class=\"fusion-column-wrapper\"><span style=\"color: #000000;\">Descarga la tabla:<\/span><div class=\"fusion-sep-clear\"><\/div><div class=\"fusion-separator fusion-full-width-sep sep-none\" style=\"border-color:#e0dede;margin-top:10px;\"><\/div><style type=\"text\/css\">#wrapper .fusion-button.button-1{text-shadow:none;-webkit-box-shadow:none;-moz-box-shadow:none;box-shadow: none;border-width:1px;color:#fff;border-color:#fff;}#wrapper .fusion-button.button-1:hover,.fusion-button.button-1:focus,.fusion-button.button-1:active{border-width:1px;border-color:#fff;color:#fff;}#wrapper .fusion-button.button-1{background: #00cc66;}#wrapper .fusion-button.button-1:hover,.button-1:focus,.fusion-button.button-1:active{background: #00cc66;}<\/style><a class=\"button small button custom fusion-button button-flat button-round button-small button-custom button-1 buttonshadow-no\" target=\"_self\" href=\"https:\/\/www.sedigas.es\/informeanual\/2024\/wp-content\/uploads\/2025\/06\/Demanda-2024.xlsx\"><i class=\"fa fa-file-excel-o button-icon-left\"><\/i><span class=\"fusion-button-text\">XLS<\/span><\/a><\/div><\/div><div class=\"fusion-clearfix\"><\/div><div class=\"fusion-sep-clear\"><\/div><div class=\"fusion-separator fusion-full-width-sep sep-single\" style=\"border-color:#00cc66;margin-top:10px;margin-bottom:10px;\"><\/div><div class=\"fusion-two-third two_third fusion-layout-column fusion-column last spacing-yes\"><div class=\"fusion-column-wrapper\"><\/div><\/div><div class=\"fusion-clearfix\"><\/div>\n","protected":false},"excerpt":{"rendered":"","protected":false},"author":1,"featured_media":0,"parent":0,"menu_order":0,"comment_status":"open","ping_status":"closed","template":"","meta":{"footnotes":""},"class_list":["post-274","page","type-page","status-publish","hentry"],"_links":{"self":[{"href":"https:\/\/www.sedigas.es\/informeanual\/2024\/wp-json\/wp\/v2\/pages\/274","targetHints":{"allow":["GET"]}}],"collection":[{"href":"https:\/\/www.sedigas.es\/informeanual\/2024\/wp-json\/wp\/v2\/pages"}],"about":[{"href":"https:\/\/www.sedigas.es\/informeanual\/2024\/wp-json\/wp\/v2\/types\/page"}],"author":[{"embeddable":true,"href":"https:\/\/www.sedigas.es\/informeanual\/2024\/wp-json\/wp\/v2\/users\/1"}],"replies":[{"embeddable":true,"href":"https:\/\/www.sedigas.es\/informeanual\/2024\/wp-json\/wp\/v2\/comments?post=274"}],"version-history":[{"count":126,"href":"https:\/\/www.sedigas.es\/informeanual\/2024\/wp-json\/wp\/v2\/pages\/274\/revisions"}],"predecessor-version":[{"id":3657,"href":"https:\/\/www.sedigas.es\/informeanual\/2024\/wp-json\/wp\/v2\/pages\/274\/revisions\/3657"}],"wp:attachment":[{"href":"https:\/\/www.sedigas.es\/informeanual\/2024\/wp-json\/wp\/v2\/media?parent=274"}],"curies":[{"name":"wp","href":"https:\/\/api.w.org\/{rel}","templated":true}]}}