{"id":2523,"date":"2020-01-30T15:31:31","date_gmt":"2020-01-30T14:31:31","guid":{"rendered":"https:\/\/www.sedigas.es\/informeanual\/2019\/?page_id=2523"},"modified":"2026-01-21T10:02:13","modified_gmt":"2026-01-21T09:02:13","slug":"precios-del-gas","status":"publish","type":"page","link":"https:\/\/www.sedigas.es\/informeanual\/2024\/el-gas-en-espana\/precios-del-gas\/","title":{"rendered":"Precios del gas"},"content":{"rendered":"\n<div class=\"wp-block-columns is-layout-flex wp-container-core-columns-is-layout-1 wp-block-columns-is-layout-flex\">\n<div class=\"wp-block-column is-layout-flow wp-block-column-is-layout-flow\" style=\"flex-basis:100%\">\n<div class=\"fusion-two-third two_third fusion-layout-column fusion-column spacing-yes\"><div class=\"fusion-column-wrapper\">\n<h2>Los precios de gas de los <em>hubs <\/em>europeos, tras alcanzar m\u00e1ximos hist\u00f3ricos en 2022 y los descensos de 2023, han seguido una tendencia alcista en 2024 hasta alcanzar durante el mes de diciembre los precios m\u00e1s altos de los catorce meses anteriores.<\/h2>\nLos factores geopol\u00edticos, unidos a las indisponibilidades en algunas instalaciones, han configurado un panorama energ\u00e9tico con una evoluci\u00f3n de los precios al alza a lo largo del 2024. Entre los acontecimientos ocurridos en el a\u00f1o y que han tenido repercusi\u00f3n, cabe mencionar la intensificaci\u00f3n del conflicto ruso-ucraniano y el cese final de tr\u00e1nsito del gas ruso por Ucrania despu\u00e9s de algunas especulaciones sobre una potencial continuaci\u00f3n, las nuevas tensiones en Oriente Medio y las incertidumbres en el lado de la oferta de gas con interrupciones en las plantas australianas y la americana de Freeport, as\u00ed como la interrupci\u00f3n del tr\u00e1nsito a trav\u00e9s del Canal de Suez.<\/p>\n<h3><strong>Evoluci\u00f3n de precios en los principales <em>hubs<\/em><\/strong><\/h3>\n<p>El 2024 se caracteriz\u00f3 por la volatilidad del mercado y unos precios crecientes del gas natural: a pesar de registrar un comportamiento bajista en el primer trimestre, el encarecimiento fue continuado durante el resto del a\u00f1o. Las suaves temperaturas del primer trimestre propiciaron un escenario a la baja en las cotizaciones, con una gran concordancia entre todos los pa\u00edses europeos, aunque no as\u00ed en los asi\u00e1ticos. Tambi\u00e9n observamos la tradicional competitividad norteamericana frente a los precios del resto del mundo.<\/p>\n<p>La demanda de gas m\u00e1s robusta en Asia que en Europa, debida a los relevantes repuntes procedentes de la actividad econ\u00f3mica en China e India a mediados de a\u00f1o, provoc\u00f3 una diferencia en las cotizaciones muy significativas entre ambos continentes que, sin embargo, fue disminuyendo a lo largo del ejercicio. La persistencia de la inestabilidad geopol\u00edtica propici\u00f3 una tendencia alcista en la UE, que lleg\u00f3 a superar los precios del mercado asi\u00e1tico al final de a\u00f1o. La no renovaci\u00f3n del acuerdo de tr\u00e1nsito de gas ruso por Ucrania supuso el encarecimiento de esta materia prima, al reforzarse la perspectiva de una potencial escasez de gas y la necesidad de b\u00fasqueda de alternativas de suministro.<\/p>\n<p>Tras el inicio del conflicto en Palestina a finales de 2023, los rebeldes hut\u00edes lanzaron ataques sobre los buques que cruzaban por el Mar Rojo con rumbo al Canal de Suez, por lo que muchas navieras decidieron desviar sus buques por la ruta m\u00e1s larga, la del cabo de Buena Esperanza en Sud\u00e1frica, aumentando los tiempos de tr\u00e1nsito del comercio internacional un 40% en una ruta tipo Singapur-Rotterdam.<\/p>\n<p>A pesar de este cambio, se mantuvo la tendencia bajista de precios iniciada en noviembre de 2023 hasta febrero de 2024, donde se alcanz\u00f3 el precio m\u00ednimo de los \u00faltimos tres a\u00f1os. A partir de ese momento, la tendencia cambi\u00f3 y empez\u00f3 a se\u00f1alar una alcista que alcanz\u00f3 su m\u00e1ximo en noviembre.<\/p>\n<p>El precio medio del gas natural en el <em>hub<\/em> estadounidense de Luisiana fue en promedio un 10% m\u00e1s bajo que el a\u00f1o anterior. Por su parte, el precio de referencia del GNL en Asia promedi\u00f3 un 15% por debajo del de 2023, aunque experiment\u00f3 un notable aumento en el cuarto trimestre.<\/p>\n<p>Los precios del gas natural en Europa disminuyeron un 15% respecto a 2023. Pero la tendencia alcista durante la segunda mitad del a\u00f1o result\u00f3 en un precio medio del tercer y cuarto trimestre ligeramente superior al del a\u00f1o anterior, aunque con menor volatilidad. El mercado europeo de referencia, el TTF, aument\u00f3 un 28,1% en diciembre 2024 respecto al mismo mes de 2023, acabando el a\u00f1o en torno a los 45 \u20ac\/MWh.<\/p>\n<p>Aunque el precio del gas tambi\u00e9n aumenta en Estados Unidos, cierra el a\u00f1o a 9,76 \u20ac\/MWh, esto es, entre 4-5 veces menos que el precio de referencia en Asia (47,05 \u20ac\/MWh) o en Europa (44,87 \u20ac\/MWh).<\/p>\n<h3>En Espa\u00f1a<\/h3>\n<p>El precio del gas natural ha mostrado una notable estabilizaci\u00f3n y una menor estacionalidad respecto al ejercicio precedente. A pesar de una tendencia alcista a partir de febrero, el nivel se ha mantenido m\u00e1s bajo que en 2023 durante gran parte del a\u00f1o.\u00a0 El promedio del precio del producto D+1 en MIBGAS en 2024 fue de 34,76 \u20ac\/MWh (11% inferior respecto al promedio de 2023, 39,12 \u20ac\/MWh). No obstante, el ejercicio termin\u00f3 en diciembre 2024 con un precio medio de 46,33 \u20ac\/MWh frente a 34,31 \u20ac\/MWh del mismo mes de 2023.<\/p>\n<p>El 29 de diciembre, el producto diario cerr\u00f3 la sesi\u00f3n a 52,80 \u20ac\/MWh, lo que supone el precio m\u00e1ximo del a\u00f1o 2024. El 23 de febrero MIBGAS marc\u00f3 el precio m\u00ednimo anual, en 22,72 \u20ac\/MWh.<\/p>\n<p>En cuanto a los diferenciales de precios con otros mercados, en el mes de enero el mercado espa\u00f1ol tuvo un diferencial promedio por encima de 1 \u20ac\/MWh superior al mercado franc\u00e9s (PEG) y en torno a 0,3 \u20ac\/MWh inferior al mercado neerland\u00e9s (TTF). Dichos diferenciales se reducen a partir de febrero, e incluso se vuelven positivos con el mercado TTF (aunque con algunos periodos puntuales negativos), manteni\u00e9ndose inferiores a 0,5 \u20ac\/MWh hasta el mes de agosto. A partir de entonces los diferenciales comienzan a crecer paulatinamente hasta final de a\u00f1o, cuando el mercado espa\u00f1ol se sit\u00faa en torno a 1 \u20ac\/MWh por encima de los mercados PEG y TTF.<div class=\"accordian fusion-accordian\"><div class=\"panel-group\" id=\"accordion-1\"><div class=\"fusion-panel panel-default\"><div class=\"panel-heading\"><h4 class=\"panel-title toggle\"><a data-toggle=\"collapse\" data-parent=\"#accordion-1\" data-target=\"#8e74e7178ec1f94c8\" href=\"#8e74e7178ec1f94c8\"><i class=\"fa-fusion-box\"><\/i>Mercado organizado<\/a><\/h4><\/div><div id=\"8e74e7178ec1f94c8\" class=\"panel-collapse collapse \"><div class=\"panel-body toggle-content\">La evoluci\u00f3n de la liquidez en MIBGAS ha ido aumentando de forma general desde el inicio de la negociaci\u00f3n. Sin embargo, la negociaci\u00f3n de los productos con entrega en el PVB (Punto Virtual de Balance, el conjunto del sistema de transporte espa\u00f1ol en el que se negocian productos de transferencia de titularidad de gas con entrega f\u00edsica sin restricciones) fue algo menor que en 2023.<\/p>\n<p>En 2024 la negociaci\u00f3n total de MIBGAS PVB fue de 134.976 GWh (43,3% de la demanda de gas en Espa\u00f1a), y un 6,2% menos respecto a 2023. No obstante, este dato confirma que el mercado avanz\u00f3 en el buen desarrollo de la liquidez desde su inicio en 2016. Con la entrada de los creadores de mercado (Galp G\u00e1s Natural, S.A. y EDP GEM Portugal, S.A.) desde principios de a\u00f1o, el volumen total transaccionado aument\u00f3 un 271,3%, alcanzando los 632.855 MWh.<br \/><\/div><\/div><\/div><div class=\"fusion-panel panel-default\"><div class=\"panel-heading\"><h4 class=\"panel-title toggle\"><a data-toggle=\"collapse\" data-parent=\"#accordion-1\" data-target=\"#8d796abdf942e9d1e\" href=\"#8d796abdf942e9d1e\"><i class=\"fa-fusion-box\"><\/i>La TUR de gas natural<\/a><\/h4><\/div><div id=\"8d796abdf942e9d1e\" class=\"panel-collapse collapse \"><div class=\"panel-body toggle-content\">En relaci\u00f3n con la TUR de gas, el Real Decreto-ley 17\/2021 limit\u00f3 el incremento del coste de la materia prima incluido en la tarifa de \u00faltimo recurso. Esta medida se ha mantenido en las posteriores revisiones trimestrales de la TUR de 2022, 2023 y el primer semestre de 2024.<\/p>\n<p>Como resultado de la aplicaci\u00f3n de estas medidas, la TUR de gas fue durante 2022, 2023 y 2024 la tarifa m\u00e1s competitiva para los consumidores con derecho a la misma, lo que provoc\u00f3 un gran incremento de peticiones de contrataci\u00f3n de la TUR a partir del \u00faltimo trimestre de 2022, pasando de 1,5 millones de clientes a TUR en diciembre de 2021 a 3 millones en diciembre de 2023.<\/p>\n<p>En 2024, se ralentiza el trasvase de clientes hacia la tarifa regulada, con un incremento de unos 93.500 clientes, para alcanzar 3,1 millones, lo que suponen el 39% del total de clientes.<\/p>\n<p>Por otra parte, el Real Decreto-ley 18\/2022, estableci\u00f3 una nueva tarifa de \u00faltimo recurso de gas natural aplicable temporalmente a las comunidades de propietarios de hogares, hasta el 31 de diciembre de 2023, siempre y cuando cumplan las condiciones y requisitos establecidos en dicha regulaci\u00f3n, conocida como \u201cTUR vecinal\u201d. Esta medida ha sido prorrogada posteriormente hasta el 31 de marzo de 2024 y posteriormente, se ha creado una nueva TUR para comunidades de propietarios, convirtiendo la TUR vecinal en una tarifa de car\u00e1cter permanente. Actualmente hay unas 6.000 comunidades de propietarios acogidas a la misma.<\/p>\n<\/div><\/div><\/div><\/div><\/div><\/div><\/div><div class=\"fusion-one-third one_third fusion-layout-column fusion-column last spacing-yes\"><div class=\"fusion-column-wrapper\"><span class=\"fusion-imageframe imageframe imageframe-none imageframe-1\"> <img decoding=\"async\" src=\"https:\/\/www.sedigas.es\/informeanual\/2024\/wp-content\/uploads\/2020\/01\/Tarifa-TUR-Informe-sistema-gasista.jpg\" alt=\"Informe Sistema gasista espa\u00f1ol\" class=\"img-responsive\" \/><\/span>\n<h6 style=\"text-align: right;\">\u00a0La TUR de gas fue durante 2022, 2023 y 2024 la tarifa m\u00e1s competitiva para los consumidores con derecho a la misma.<\/h6>\n<\/div><\/div><div class=\"fusion-clearfix\"><\/div><div class=\"fusion-three-fourth three_fourth fusion-layout-column fusion-column last spacing-yes\"><div class=\"fusion-column-wrapper\">\n<h2>Evoluci\u00f3n del coste de gas natural para consumidores tipo seg\u00fan TUR (*), incluido impuestos (ct\u20ac\/kWh)<\/h2>\n<\/div><\/div><div class=\"fusion-clearfix\"><\/div><div id=\"amchart1\" style=\"width: 100%; height: 300px;\"><\/div>\n<h6>(*)\u00a0IVA (16 % hasta\u00a0 julio 2010, 18 % a partir de julio 2010 y 21 % desde septiembre de 2012) e impuesto especial desde enero de 2013\u00a0 incluidos<\/h6>\n<h6><span style=\"color: #00cc66;\"><em>Fuente: Sedigas<\/em><\/span><\/h6>\n<div class=\"fusion-sep-clear\"><\/div><div class=\"fusion-separator fusion-full-width-sep sep-none\" style=\"border-color:#e0dede;margin-top:10px;margin-bottom:10px;\"><\/div><div class=\"fusion-one-half one_half fusion-layout-column fusion-column last spacing-yes\"><div class=\"fusion-column-wrapper\"><span style=\"color: #000000;\">Descarga la gr\u00e1fica:<\/span><div class=\"fusion-sep-clear\"><\/div><div class=\"fusion-separator fusion-full-width-sep sep-none\" style=\"border-color:#e0dede;margin-top:10px;\"><\/div><style type=\"text\/css\">#wrapper .fusion-button.button-1{text-shadow:none;-webkit-box-shadow:none;-moz-box-shadow:none;box-shadow: none;border-width:1px;color:#fff;border-color:#fff;}#wrapper .fusion-button.button-1:hover,.fusion-button.button-1:focus,.fusion-button.button-1:active{border-width:1px;border-color:#fff;color:#fff;}#wrapper .fusion-button.button-1{background: #00cc66;}#wrapper .fusion-button.button-1:hover,.button-1:focus,.fusion-button.button-1:active{background: #00cc66;}<\/style><a class=\"button small button custom fusion-button button-flat button-round button-small button-custom button-1 buttonshadow-no\" target=\"_self\" href=\"https:\/\/www.sedigas.es\/informeanual\/2020\/wp-content\/uploads\/2021\/03\/GES_Grafico-TUR.xlsx\"><span class=\"fusion-button-text\">XLS<\/span><\/a><\/div><\/div><div class=\"fusion-clearfix\"><\/div>\n<\/div>\n<\/div>\n","protected":false},"excerpt":{"rendered":"","protected":false},"author":1,"featured_media":0,"parent":1263,"menu_order":0,"comment_status":"open","ping_status":"open","template":"","meta":{"footnotes":""},"class_list":["post-2523","page","type-page","status-publish","hentry"],"_links":{"self":[{"href":"https:\/\/www.sedigas.es\/informeanual\/2024\/wp-json\/wp\/v2\/pages\/2523","targetHints":{"allow":["GET"]}}],"collection":[{"href":"https:\/\/www.sedigas.es\/informeanual\/2024\/wp-json\/wp\/v2\/pages"}],"about":[{"href":"https:\/\/www.sedigas.es\/informeanual\/2024\/wp-json\/wp\/v2\/types\/page"}],"author":[{"embeddable":true,"href":"https:\/\/www.sedigas.es\/informeanual\/2024\/wp-json\/wp\/v2\/users\/1"}],"replies":[{"embeddable":true,"href":"https:\/\/www.sedigas.es\/informeanual\/2024\/wp-json\/wp\/v2\/comments?post=2523"}],"version-history":[{"count":33,"href":"https:\/\/www.sedigas.es\/informeanual\/2024\/wp-json\/wp\/v2\/pages\/2523\/revisions"}],"predecessor-version":[{"id":3727,"href":"https:\/\/www.sedigas.es\/informeanual\/2024\/wp-json\/wp\/v2\/pages\/2523\/revisions\/3727"}],"up":[{"embeddable":true,"href":"https:\/\/www.sedigas.es\/informeanual\/2024\/wp-json\/wp\/v2\/pages\/1263"}],"wp:attachment":[{"href":"https:\/\/www.sedigas.es\/informeanual\/2024\/wp-json\/wp\/v2\/media?parent=2523"}],"curies":[{"name":"wp","href":"https:\/\/api.w.org\/{rel}","templated":true}]}}