{"id":191,"date":"2015-01-19T11:24:46","date_gmt":"2015-01-19T10:24:46","guid":{"rendered":"http:\/\/www.sedigas.es\/informeanual\/2015\/?page_id=191"},"modified":"2025-06-25T12:56:00","modified_gmt":"2025-06-25T10:56:00","slug":"almacenamiento","status":"publish","type":"page","link":"https:\/\/www.sedigas.es\/informeanual\/2024\/el-gas-en-espana\/infraestructuras\/almacenamiento\/","title":{"rendered":"Almacenamientos subterr\u00e1neos"},"content":{"rendered":"\n<h2>El gas inyectado durante 2024 fue de 9,2 GWh. La extracci\u00f3n, por su parte, fue de 10.6 GWh<\/h2>\nEl gas inyectado durante 2024 ha alcanzado la cifra de 9.200 GWh, mientras que la extracci\u00f3n ha sido de 10.609 GWh. Los usuarios han hecho un mayor uso de los almacenamientos subterr\u00e1neos que en 2023: la extracci\u00f3n se ha incrementado en un 23%, y la inyecci\u00f3n en un 6%.<\/p>\n<p>En la Orden TED\/72\/2023, del 26 de enero, se defini\u00f3 la metodolog\u00eda para el c\u00e1lculo de las existencias m\u00ednimas de seguridad operativas de los usuarios, con el objetivo de alcanzar, el 1 de noviembre de cada a\u00f1o, el 90% de llenado de los almacenamientos subterr\u00e1neos. Espa\u00f1a alcanz\u00f3 el 100% (58.820 GWh) en el mes de agosto.<div class=\"fusion-sep-clear\"><\/div><div class=\"fusion-separator fusion-full-width-sep sep-single\" style=\"border-color:#00cc66;margin-top:10px;margin-bottom:10px;\"><\/div><div class=\"fusion-fullwidth fullwidth-box\" style=\"background-attachment:scroll;background-position:left top;background-repeat:no-repeat;-webkit-background-size:cover;-moz-background-size:cover;-o-background-size:cover;background-size:cover;border-color:#eae9e9;border-bottom-width: 0px;border-top-width: 0px;border-bottom-style: solid;border-top-style: solid;padding-bottom:20px;padding-left:0px;padding-right:0px;padding-top:20px;\"><div class=\"avada-row\">\n<h2>Gesti\u00f3n total del almacenamiento subterr\u00e1neo (2024)<\/h2>\n\n<table id=\"tablepress-52\" class=\"tablepress tablepress-id-52 alinearDerecha\">\n<thead>\n<tr class=\"row-1 odd\">\n\t<th class=\"column-1\">&nbsp;<\/th><th class=\"column-2\">&nbsp;<\/th><th class=\"column-3\">Ene. <\/th><th class=\"column-4\">Feb. <\/th><th class=\"column-5\">Mar. <\/th><th class=\"column-6\">Abr. <\/th><th class=\"column-7\">May. <\/th><th class=\"column-8\">Jun. <\/th><th class=\"column-9\">Jul. <\/th><th class=\"column-10\">Ago. <\/th><th class=\"column-11\">Sep. <\/th><th class=\"column-12\">Oct. <\/th><th class=\"column-13\">Nov. <\/th><th class=\"column-14\">Dic.<\/th>\n<\/tr>\n<\/thead>\n<tbody class=\"row-hover\">\n<tr class=\"row-2 even\">\n\t<td class=\"column-1\">Capacidad \u00fatil<\/td><td class=\"column-2\">GWh<\/td><td class=\"column-3\">34179<\/td><td class=\"column-4\">34179<\/td><td class=\"column-5\">34179<\/td><td class=\"column-6\">34179<\/td><td class=\"column-7\">34179<\/td><td class=\"column-8\">34179<\/td><td class=\"column-9\">34179<\/td><td class=\"column-10\">34179<\/td><td class=\"column-11\">34179<\/td><td class=\"column-12\">34179<\/td><td class=\"column-13\">34179<\/td><td class=\"column-14\">34179<\/td>\n<\/tr>\n<tr class=\"row-3 odd\">\n\t<td class=\"column-1\">Volumen gas colch\u00f3n<\/td><td class=\"column-2\">GWh<\/td><td class=\"column-3\">28793<\/td><td class=\"column-4\">28793<\/td><td class=\"column-5\">28793<\/td><td class=\"column-6\">28793<\/td><td class=\"column-7\">28793<\/td><td class=\"column-8\">28793<\/td><td class=\"column-9\">28793<\/td><td class=\"column-10\">28793<\/td><td class=\"column-11\">28793<\/td><td class=\"column-12\">28793<\/td><td class=\"column-13\">28793<\/td><td class=\"column-14\">28793<\/td>\n<\/tr>\n<tr class=\"row-4 even\">\n\t<td class=\"column-1\">Existencias iniciales<\/td><td class=\"column-2\">GWh<\/td><td class=\"column-3\">60230<\/td><td class=\"column-4\">56895<\/td><td class=\"column-5\">56141<\/td><td class=\"column-6\">56833<\/td><td class=\"column-7\">58718<\/td><td class=\"column-8\">60763<\/td><td class=\"column-9\">63229<\/td><td class=\"column-10\">64410<\/td><td class=\"column-11\">65140<\/td><td class=\"column-12\">65182<\/td><td class=\"column-13\">65183<\/td><td class=\"column-14\">62681<\/td>\n<\/tr>\n<tr class=\"row-5 odd\">\n\t<td class=\"column-1\">Inyecci\u00f3n (neta)<\/td><td class=\"column-2\">GWh\/mes<\/td><td class=\"column-3\">0<\/td><td class=\"column-4\">0<\/td><td class=\"column-5\">849<\/td><td class=\"column-6\">1885<\/td><td class=\"column-7\">2046<\/td><td class=\"column-8\">2466<\/td><td class=\"column-9\">1181<\/td><td class=\"column-10\">731<\/td><td class=\"column-11\">42<\/td><td class=\"column-12\">1<\/td><td class=\"column-13\">0<\/td><td class=\"column-14\">0<\/td>\n<\/tr>\n<tr class=\"row-6 even\">\n\t<td class=\"column-1\">Inyecci\u00f3n media diaria<\/td><td class=\"column-2\">GWh\/d\u00eda<\/td><td class=\"column-3\">0<\/td><td class=\"column-4\">0<\/td><td class=\"column-5\">27<\/td><td class=\"column-6\">63<\/td><td class=\"column-7\">66<\/td><td class=\"column-8\">82<\/td><td class=\"column-9\">38<\/td><td class=\"column-10\">24<\/td><td class=\"column-11\">1<\/td><td class=\"column-12\">0<\/td><td class=\"column-13\">0<\/td><td class=\"column-14\">0<\/td>\n<\/tr>\n<tr class=\"row-7 odd\">\n\t<td class=\"column-1\">Extracci\u00f3n (bruta)<\/td><td class=\"column-2\">GWh\/mes<\/td><td class=\"column-3\">3334<\/td><td class=\"column-4\">755<\/td><td class=\"column-5\">157<\/td><td class=\"column-6\">0<\/td><td class=\"column-7\">0<\/td><td class=\"column-8\">0<\/td><td class=\"column-9\">0<\/td><td class=\"column-10\">0<\/td><td class=\"column-11\">0<\/td><td class=\"column-12\">0<\/td><td class=\"column-13\">2502<\/td><td class=\"column-14\">3860<\/td>\n<\/tr>\n<tr class=\"row-8 even\">\n\t<td class=\"column-1\">Extracci\u00f3n media diaria<\/td><td class=\"column-2\">GWh\/d\u00eda<\/td><td class=\"column-3\">108<\/td><td class=\"column-4\">26<\/td><td class=\"column-5\">5<\/td><td class=\"column-6\">0<\/td><td class=\"column-7\">0<\/td><td class=\"column-8\">0<\/td><td class=\"column-9\">0<\/td><td class=\"column-10\">0<\/td><td class=\"column-11\">0<\/td><td class=\"column-12\">0<\/td><td class=\"column-13\">83<\/td><td class=\"column-14\">125<\/td>\n<\/tr>\n<tr class=\"row-9 odd\">\n\t<td class=\"column-1\">Existencias finales<\/td><td class=\"column-2\">GWh<\/td><td class=\"column-3\">56895<\/td><td class=\"column-4\">56141<\/td><td class=\"column-5\">56833<\/td><td class=\"column-6\">58718<\/td><td class=\"column-7\">60763<\/td><td class=\"column-8\">63229<\/td><td class=\"column-9\">64410<\/td><td class=\"column-10\">65140<\/td><td class=\"column-11\">65182<\/td><td class=\"column-12\">65183<\/td><td class=\"column-13\">62681<\/td><td class=\"column-14\">58820<\/td>\n<\/tr>\n<\/tbody>\n<\/table>\n<!-- #tablepress-52 from cache -->\n<h6><em>Fuente: ENAG\u00c1S GTS, S.A.U<\/em><\/h6>\n<div class=\"fusion-sep-clear\"><\/div><div class=\"fusion-separator fusion-full-width-sep sep-none\" style=\"border-color:#e0dede;margin-top:10px;margin-bottom:10px;\"><\/div><div class=\"fusion-one-half one_half fusion-layout-column fusion-column last spacing-yes\"><div class=\"fusion-column-wrapper\"><span style=\"color: #000000;\">Descarga la tabla:<\/span><div class=\"fusion-sep-clear\"><\/div><div class=\"fusion-separator fusion-full-width-sep sep-none\" style=\"border-color:#e0dede;margin-top:10px;\"><\/div><div class=\"alignleft\"><style type=\"text\/css\">#wrapper .fusion-button.button-1{text-shadow:none;-webkit-box-shadow:none;-moz-box-shadow:none;box-shadow: none;border-width:1px;color:#fff;border-color:#fff;}#wrapper .fusion-button.button-1:hover,.fusion-button.button-1:focus,.fusion-button.button-1:active{border-width:1px;border-color:#fff;color:#fff;}#wrapper .fusion-button.button-1{background: #00cc66;}#wrapper .fusion-button.button-1:hover,.button-1:focus,.fusion-button.button-1:active{background: #00cc66;}<\/style><a class=\"button small button custom fusion-button button-flat button-round button-small button-custom button-1 buttonshadow-no\" target=\"_self\" href=\"https:\/\/www.sedigas.es\/informeanual\/2024\/wp-content\/uploads\/2025\/06\/Gesti\u00f3n-total-del-almacenamiento-subterr\u00e1neo-2024.xlsx\"><i class=\"fa fa-file-excel-o button-icon-left\"><\/i><span class=\"fusion-button-text\">XLS<\/span><\/a><\/div><\/div><\/div><div class=\"fusion-clearfix\"><\/div><\/div><\/div>\n","protected":false},"excerpt":{"rendered":"","protected":false},"author":1,"featured_media":0,"parent":1302,"menu_order":0,"comment_status":"open","ping_status":"open","template":"","meta":{"footnotes":""},"class_list":["post-191","page","type-page","status-publish","hentry"],"_links":{"self":[{"href":"https:\/\/www.sedigas.es\/informeanual\/2024\/wp-json\/wp\/v2\/pages\/191","targetHints":{"allow":["GET"]}}],"collection":[{"href":"https:\/\/www.sedigas.es\/informeanual\/2024\/wp-json\/wp\/v2\/pages"}],"about":[{"href":"https:\/\/www.sedigas.es\/informeanual\/2024\/wp-json\/wp\/v2\/types\/page"}],"author":[{"embeddable":true,"href":"https:\/\/www.sedigas.es\/informeanual\/2024\/wp-json\/wp\/v2\/users\/1"}],"replies":[{"embeddable":true,"href":"https:\/\/www.sedigas.es\/informeanual\/2024\/wp-json\/wp\/v2\/comments?post=191"}],"version-history":[{"count":134,"href":"https:\/\/www.sedigas.es\/informeanual\/2024\/wp-json\/wp\/v2\/pages\/191\/revisions"}],"predecessor-version":[{"id":3686,"href":"https:\/\/www.sedigas.es\/informeanual\/2024\/wp-json\/wp\/v2\/pages\/191\/revisions\/3686"}],"up":[{"embeddable":true,"href":"https:\/\/www.sedigas.es\/informeanual\/2024\/wp-json\/wp\/v2\/pages\/1302"}],"wp:attachment":[{"href":"https:\/\/www.sedigas.es\/informeanual\/2024\/wp-json\/wp\/v2\/media?parent=191"}],"curies":[{"name":"wp","href":"https:\/\/api.w.org\/{rel}","templated":true}]}}