{"id":2250,"date":"2019-01-12T16:55:03","date_gmt":"2019-01-12T15:55:03","guid":{"rendered":"http:\/\/www.sedigas.es\/informeanual\/2018\/?page_id=2250"},"modified":"2024-07-15T16:01:33","modified_gmt":"2024-07-15T14:01:33","slug":"contexto","status":"publish","type":"page","link":"https:\/\/www.sedigas.es\/informeanual\/2023\/gas-renovable\/contexto\/","title":{"rendered":"Contexto"},"content":{"rendered":"<div class=\"fusion-two-third two_third fusion-layout-column fusion-column spacing-yes\"><div class=\"fusion-column-wrapper\">Los gases renovables -biometano e hidr\u00f3geno renovable, principalmente- son un elemento clave para la descarbonizaci\u00f3n del sistema energ\u00e9tico y el proceso de transici\u00f3n hacia un modelo neutro de emisiones en 2050. Su participaci\u00f3n ser\u00e1 particularmente relevante para los sectores de dif\u00edcil electrificaci\u00f3n, como la industria calor-intensiva, que requieren de un alto poder calor\u00edfico en sus procesos productivos, o el transporte pesado.<\/p>\n<p>La relevancia de los gases renovables -y en concreto del biometano- como catalizadores hacia un modelo energ\u00e9tico m\u00e1s sostenible se puso n\u00edtidamente de manifiesto con la comunicaci\u00f3n de la Comisi\u00f3n Europea para acelerar la desconexi\u00f3n del gas de Rusia conocida como REPowerEU. Iniciativa que ampl\u00eda hasta los 35.000 millones de metros c\u00fabicos el objetivo comunitario de producci\u00f3n de biometano en 2030.\u00a0 Tambi\u00e9n establece un objetivo de 10 millones de toneladas de producci\u00f3n nacional de hidr\u00f3geno renovable y de otros 10 millones de toneladas de importaciones.<\/p>\n<h3>La Ley de Cambio Clim\u00e1tico y Transici\u00f3n Energ\u00e9tica aprobada en mayo de 2021 promueve estas energ\u00edas con disposiciones que fomentan su desarrollo<\/h3>\n<p>Espa\u00f1a cuenta con una posici\u00f3n privilegiada, gracias a su ubicaci\u00f3n geogr\u00e1fica y su consolidada red de infraestructuras y conexiones internacionales, para convertirse en un pa\u00eds referente para la producci\u00f3n y exportaci\u00f3n de energ\u00edas renovables no el\u00e9ctricas (biometano e hidr\u00f3geno renovable), vectores energ\u00e9ticos indispensables que contribuyen al desarrollo de una econom\u00eda circular y al proceso de transici\u00f3n energ\u00e9tica, ya que permiten avanzar hacia una econom\u00eda neutra en carbono.<\/p>\n<p>El biog\u00e1s obtenido a partir de residuos constituye una fuente de suministro energ\u00e9tico renovable, local y almacenable, con impacto positivo sobre el empleo y la econom\u00eda rural. Tras un proceso de limpieza y separaci\u00f3n del CO2, el biog\u00e1s se convierte en biometano, un gas totalmente renovable, de calidad equivalente al gas natural y<\/p>\n<p>apto para ser transportado por la infraestructura existente y tambi\u00e9n utilizado en las instalaciones y por los equipos de los consumidores finales, tanto industrias como los hogares.<\/p>\n<p>El hidr\u00f3geno renovable, que se obtiene principalmente de energ\u00eda el\u00e9ctrica renovable, es un vector energ\u00e9tico de futuro y una soluci\u00f3n fundamental para el almacenamiento energ\u00e9tico de origen renovable. Adem\u00e1s, cuenta con m\u00faltiples aplicaciones al poder usarse en todos los sectores energ\u00e9ticos (industria, movilidad, dom\u00e9stico-comercial y generaci\u00f3n el\u00e9ctrica).<\/div><\/div><div class=\"fusion-one-third one_third fusion-layout-column fusion-column last spacing-yes\"><div class=\"fusion-column-wrapper\"><span class=\"fusion-imageframe imageframe imageframe-none imageframe-1\"> <img decoding=\"async\" alt=\"gases renovables informe sector gasista\" src=\"https:\/\/www.sedigas.es\/informeanual\/2023\/wp-content\/uploads\/2019\/01\/gases-renovables-informe-sector-gasista.jpg\" class=\"img-responsive\" \/><\/span>\n<h6 style=\"text-align: right;\"><em><span style=\"color: #99ccff;\"><br \/>\n<\/span><\/em><\/h6>\n<\/div><\/div><div class=\"fusion-clearfix\"><\/div><div class=\"accordian fusion-accordian\"><div class=\"panel-group\" id=\"accordion-1\"><div class=\"fusion-panel panel-default\"><div class=\"panel-heading\"><h4 class=\"panel-title toggle\"><a data-toggle=\"collapse\" data-parent=\"#accordion-1\" data-target=\"#8e74e7178ec1f94c8\" href=\"#8e74e7178ec1f94c8\"><i class=\"fa-fusion-box\"><\/i>Garant\u00edas de Origen<\/a><\/h4><\/div><div id=\"8e74e7178ec1f94c8\" class=\"panel-collapse collapse \"><div class=\"panel-body toggle-content\">La constituci\u00f3n del Sistema Nacional de Garant\u00edas de Origen de los gases renovables fue uno de los hitos m\u00e1s significativos de 2023, seg\u00fan establece el Real Decreto 376\/2022, del 17 de mayo, por el que se regulan los criterios de sostenibilidad y de reducci\u00f3n de las emisiones de gases de efecto invernadero de los biocarburantes, biol\u00edquidos y combustibles de biomasa, as\u00ed como el sistema de garant\u00edas de origen de los gases renovables.<\/p>\n<p>Enag\u00e1s Gestor T\u00e9cnico del Sistema (GTS), en calidad de entidad responsable designada por el Ministerio para la Transici\u00f3n Ecol\u00f3gica y el Reto Demogr\u00e1fico, puso en funcionamiento en 2023 el Sistema Nacional de Garant\u00edas de Origen de los gases renovables (GdO), uno de los hitos m\u00e1s significativos de 2023.<\/p>\n<p>Este sistema permite certificar que el gas producido en Espa\u00f1a es de origen renovable, caracteriz\u00e1ndolo con informaci\u00f3n sobre c\u00f3mo y d\u00f3nde se ha producido. Los gases a los que aplica esta certificaci\u00f3n son biog\u00e1s, biometano e hidr\u00f3geno renovable. Adem\u00e1s, el sistema cubre todo tipo de log\u00edsticas de comercializaci\u00f3n: inyecci\u00f3n en el Sistema Gasista, inyecci\u00f3n en canalizaciones aisladas, log\u00edstica off-grid e, incluso, autoconsumos de gases renovables.<\/p>\n<p>Una GdO acredita el car\u00e1cter renovable de 1 MWh de gas, al que se le asigna un n\u00famero de identificaci\u00f3n \u00fanico. La GdO y sus atributos se mantienen inalterables a lo largo de su ciclo de vida, que puede llegar a los 18 meses, y en todas las operaciones que pueden tener lugar en la plataforma: expedici\u00f3n, transferencia, importaci\u00f3n y exportaci\u00f3n y redenci\u00f3n.<\/p>\n<p>La garant\u00eda de origen es esencial para incrementar la transparencia y la confianza en el mercado de gases renovables, permitiendo a los consumidores y empresas verificar que la energ\u00eda que utilizan proviene de fuentes limpias. Este sistema, por tanto, no solo impulsa la adopci\u00f3n de energ\u00edas menos contaminantes, sino que tambi\u00e9n ayuda a Espa\u00f1a a reducir su dependencia energ\u00e9tica del exterior.<\/p>\n<p>En el citado real decreto se recog\u00eda la creaci\u00f3n de un Comit\u00e9 de Sujetos del Sistema de Garant\u00edas de Origen, cuyos cometidos m\u00e1s destacados eran:<\/p>\n<p>&#8211;\tConocer y ser informado del funcionamiento y gesti\u00f3n del sistema.<br \/>\n&#8211;\tElaborar y canalizar propuestas para mejorar su funcionamiento.<\/p>\n<p>Con la creaci\u00f3n de este Comit\u00e9, todos los participantes est\u00e1n haciendo un esfuerzo para seguir avanzando en las propuestas t\u00e9cnicas y normativas que ayudar\u00e1n a la expansi\u00f3n del sector y, con ello, al desarrollo del mercado de los gases renovables en nuestro pa\u00eds, acorde a su enorme potencial identificado.<\/p>\n<\/div><\/div><\/div><\/div><\/div>\n","protected":false},"excerpt":{"rendered":"","protected":false},"author":1,"featured_media":0,"parent":2248,"menu_order":1,"comment_status":"closed","ping_status":"closed","template":"","meta":{"footnotes":""},"class_list":["post-2250","page","type-page","status-publish","hentry"],"_links":{"self":[{"href":"https:\/\/www.sedigas.es\/informeanual\/2023\/wp-json\/wp\/v2\/pages\/2250","targetHints":{"allow":["GET"]}}],"collection":[{"href":"https:\/\/www.sedigas.es\/informeanual\/2023\/wp-json\/wp\/v2\/pages"}],"about":[{"href":"https:\/\/www.sedigas.es\/informeanual\/2023\/wp-json\/wp\/v2\/types\/page"}],"author":[{"embeddable":true,"href":"https:\/\/www.sedigas.es\/informeanual\/2023\/wp-json\/wp\/v2\/users\/1"}],"replies":[{"embeddable":true,"href":"https:\/\/www.sedigas.es\/informeanual\/2023\/wp-json\/wp\/v2\/comments?post=2250"}],"version-history":[{"count":28,"href":"https:\/\/www.sedigas.es\/informeanual\/2023\/wp-json\/wp\/v2\/pages\/2250\/revisions"}],"predecessor-version":[{"id":3604,"href":"https:\/\/www.sedigas.es\/informeanual\/2023\/wp-json\/wp\/v2\/pages\/2250\/revisions\/3604"}],"up":[{"embeddable":true,"href":"https:\/\/www.sedigas.es\/informeanual\/2023\/wp-json\/wp\/v2\/pages\/2248"}],"wp:attachment":[{"href":"https:\/\/www.sedigas.es\/informeanual\/2023\/wp-json\/wp\/v2\/media?parent=2250"}],"curies":[{"name":"wp","href":"https:\/\/api.w.org\/{rel}","templated":true}]}}