{"id":2543,"date":"2020-01-30T16:11:13","date_gmt":"2020-01-30T15:11:13","guid":{"rendered":"https:\/\/www.sedigas.es\/informeanual\/2019\/?page_id=2543"},"modified":"2023-06-20T16:17:44","modified_gmt":"2023-06-20T14:17:44","slug":"transporte-terrestre","status":"publish","type":"page","link":"https:\/\/www.sedigas.es\/informeanual\/2022\/transporte-terrestre\/","title":{"rendered":"Transporte terrestre y mar\u00edtimo"},"content":{"rendered":"<div class=\"fusion-two-third two_third fusion-layout-column fusion-column spacing-yes\"><div class=\"fusion-column-wrapper\">\n<h2>En 2022 el consumo de gas natural alcanz\u00f3 los 3,6 TWh, una cifra similar a la de 2021<\/h2>\n<p>Del total de 3,6 TWh consumidos durante el pasado a\u00f1o, unos 3,2 TWh (1 cisterna + 2,2 TWh v\u00eda red) se utilizaron en movilidad terrestre, como gas natural comprimido (GNC) y gas natural licuado (GNL), lo que represent\u00f3 un incremento del 12% respecto a 2021. Madrid y Catalu\u00f1a fueron las comunidades aut\u00f3nomas con un mayor consumo de gas para el transporte terrestre.<\/p>\n<p>Respecto del transporte mar\u00edtimo, se consumieron 0,41 TWh, de los cuales 0,14 TWh correspondieron a suministros de bunkering realizados en 54 operaciones <em>pipe-to-ship<\/em> (PTS2) y 0,2 TWh corresponden a bunkering de GNL realizados en 16 operaciones <em>ship-to-ship<\/em> (STS3) desde barcazas de suministro, seg\u00fan datos de Enag\u00e1s. Los restantes 0,075 TWh\/a\u00f1o fueron suministrados mediante cisternas de GNL.<\/p>\n<p>El parque de veh\u00edculos a gas natural en Espa\u00f1a alcanz\u00f3 en 2022 las 34.879 unidades, un incremento del 7% con respecto al 2021. Destacan especialmente las matriculaciones de camiones de GNC, un 224% m\u00e1s respecto al a\u00f1o anterior, y de autobuses, con un aumento del 35%.<\/p>\n<p>Actualmente contamos con 236 puntos operativos de repostaje de gas natural en Espa\u00f1a y 28 en Portugal; respecto del hidr\u00f3geno, contamos ahora con nueve hidrogeneras en la Pen\u00ednsula Ib\u00e9rica, dos de acceso p\u00fablico y otras siete privadas, a las que se sumar\u00e1n pronto otras 3, actualmente en fase de construcci\u00f3n.<\/p>\n<h3><\/h3>\n<\/div><\/div><div class=\"fusion-one-third one_third fusion-layout-column fusion-column last spacing-yes\"><div class=\"fusion-column-wrapper\"><span class=\"fusion-imageframe imageframe imageframe-none imageframe-1\"> <img decoding=\"async\" src=\"https:\/\/www.sedigas.es\/informeanual\/2022\/wp-content\/uploads\/2023\/06\/autobuses-gas-natural-2022.jpg\" alt=\"\" class=\"img-responsive\" \/><\/span>\n<h6 style=\"text-align: right;\">El parque de veh\u00edculos a gas natural en Espa\u00f1a alcanz\u00f3 en 2022 las 34.879 unidades<\/h6>\n<\/div><\/div><div class=\"fusion-clearfix\"><\/div><div class=\"fusion-two-third two_third fusion-layout-column fusion-column last spacing-yes\"><div class=\"fusion-column-wrapper\">\n<h2 style=\"text-align: center;\"><strong>Evoluci\u00f3n veh\u00edculos matriculados de GNC en Espa\u00f1a (unidades)<\/strong><\/h2>\n<div id=\"amchart1\" style=\"width: 100%; height: 300px;\"><\/div>\n<h6><span style=\"color: #00cc66;\">Fuente: Gasnam<\/span><\/h6>\n<div id=\"gtx-trans\" style=\"position: absolute; left: -91px; top: 39.2917px;\"><\/div>\n<\/div><\/div><div class=\"fusion-clearfix\"><\/div><div class=\"fusion-one-half one_half fusion-layout-column fusion-column last spacing-yes\"><div class=\"fusion-column-wrapper\"><span style=\"color: #000000;\">Descarga la tabla en el\u00a0formato deseado:<\/span><div class=\"fusion-sep-clear\"><\/div><div class=\"fusion-separator fusion-full-width-sep sep-none\" style=\"border-color:#e0dede;margin-top:10px;\"><\/div><style type=\"text\/css\">#wrapper .fusion-button.button-1{text-shadow:none;-webkit-box-shadow:none;-moz-box-shadow:none;box-shadow: none;border-width:1px;color:#fff;border-color:#fff;}#wrapper .fusion-button.button-1:hover,.fusion-button.button-1:focus,.fusion-button.button-1:active{border-width:1px;border-color:#fff;color:#fff;}#wrapper .fusion-button.button-1{background: #00cc66;}#wrapper .fusion-button.button-1:hover,.button-1:focus,.fusion-button.button-1:active{background: #00cc66;}<\/style><a class=\"button small button custom fusion-button button-flat button-round button-small button-custom button-1 buttonshadow-no\" target=\"_self\" href=\"https:\/\/www.sedigas.es\/informeanual\/2022\/wp-content\/uploads\/2023\/06\/Evoluci\u00f3n-n\u00ba-de-veh\u00edculos-de-gas-natural-en-Espa\u00f1a-2022-en-unidades.xlsx\"><i class=\"fa fa-file-image-o button-icon-left\"><\/i><span class=\"fusion-button-text\">XLS<\/span><\/a><\/div><\/div><div class=\"fusion-clearfix\"><\/div><div class=\"fusion-two-third two_third fusion-layout-column fusion-column last spacing-yes\"><div class=\"fusion-column-wrapper\"><div class=\"accordian fusion-accordian\"><div class=\"panel-group\" id=\"accordion-1\"><div class=\"fusion-panel panel-default\"><div class=\"panel-heading\"><h4 class=\"panel-title toggle\"><a data-toggle=\"collapse\" data-parent=\"#accordion-1\" data-target=\"#8e74e7178ec1f94c8\" href=\"#8e74e7178ec1f94c8\"><i class=\"fa-fusion-box\"><\/i>Gases renovables en el transporte<\/a><\/h4><\/div><div id=\"8e74e7178ec1f94c8\" class=\"panel-collapse collapse \"><div class=\"panel-body toggle-content\">El uso de gases renovables para el transporte tambi\u00e9n avanz\u00f3 durante el 2022. Un ejemplo destacado es la adquisici\u00f3n por parte de la Mancomunidad Comarca de Pamplona (MCP) de 13 nuevos autobuses de gas que funcionar\u00e1n exclusivamente con biometano o la utilizaci\u00f3n del biometano producido en la planta de Valdeming\u00f3mez como combustible para 20 autobuses de la l\u00ednea C1 de la Empresa Municipal de Transportes de Madrid (EMT), que comenz\u00f3 en diciembre.<\/p>\n<p>En cuanto al hidr\u00f3geno verde, la EMT anunci\u00f3 en diciembre de 2022 la adquisici\u00f3n de 10 autobuses de pila de combustible propulsados por hidr\u00f3geno verde, que circular\u00e1n por las calles de Madrid en 2023.<\/p>\n<p>La filial de Enag\u00e1s, Scale Gas, por su parte firm\u00f3 un acuerdo con la empresa murciana de transporte por carretera Disfrimur por el cual descarbonizar\u00e1 sus operaciones incorporando a su flota nuevos veh\u00edculos de transporte pesado propulsados por hidr\u00f3geno renovable.<br \/>\n<\/div><\/div><\/div><\/div><\/div><\/div><\/div><div class=\"fusion-clearfix\"><\/div><div class=\"fusion-two-third two_third fusion-layout-column fusion-column last spacing-yes\"><div class=\"fusion-column-wrapper\"><div class=\"fusion-sep-clear\"><\/div><div class=\"fusion-separator fusion-full-width-sep sep-single\" style=\"border-color:#00cc66;margin-top:10px;margin-bottom:10px;\"><\/div><\/div><\/div><div class=\"fusion-clearfix\"><\/div><div class=\"fusion-two-third two_third fusion-layout-column fusion-column last spacing-yes\"><div class=\"fusion-column-wrapper\">\n<h2 style=\"text-align: justify;\">Gasineras operativas en Espa\u00f1a<\/h2>\n\n<table id=\"tablepress-39\" class=\"tablepress tablepress-id-39 alinearDerecha\">\n<thead>\n<tr class=\"row-1 odd\">\n\t<th class=\"column-1\">&nbsp;<\/th><th class=\"column-2\">Abierta<\/th><th class=\"column-3\">Proyecto<\/th><th class=\"column-4\"><strong>Total<\/strong><\/th>\n<\/tr>\n<\/thead>\n<tbody class=\"row-hover\">\n<tr class=\"row-2 even\">\n\t<td class=\"column-1\"><strong>GNC<\/strong><\/td><td class=\"column-2\">141<\/td><td class=\"column-3\">23<\/td><td class=\"column-4\"><strong>164<\/strong><\/td>\n<\/tr>\n<tr class=\"row-3 odd\">\n\t<td class=\"column-1\"><strong>GNL<\/strong><\/td><td class=\"column-2\">95<\/td><td class=\"column-3\">13<\/td><td class=\"column-4\"><strong>108<\/strong><\/td>\n<\/tr>\n<\/tbody>\n<\/table>\n<!-- #tablepress-39 from cache -->\n<h6>Fuente: <a href=\"https:\/\/gasnam.es\/terrestre\/mapa-de-estaciones-de-gas-natural\/\" target=\"_blank\">Gasnam<\/a><\/h6>\n<div id=\"gtx-trans\" style=\"position: absolute; left: 46px; top: -1.70833px;\"><\/div>\n<\/div><\/div><div class=\"fusion-clearfix\"><\/div><div class=\"fusion-sep-clear\"><\/div><div class=\"fusion-separator fusion-full-width-sep sep-none\" style=\"border-color:#e0dede;margin-top:10px;margin-bottom:10px;\"><\/div><div class=\"fusion-one-half one_half fusion-layout-column fusion-column last spacing-yes\"><div class=\"fusion-column-wrapper\"><span style=\"color: #000000;\">Descarga la tabla:<\/span><div class=\"fusion-sep-clear\"><\/div><div class=\"fusion-separator fusion-full-width-sep sep-none\" style=\"border-color:#e0dede;margin-top:10px;\"><\/div><style type=\"text\/css\">#wrapper .fusion-button.button-2{text-shadow:none;-webkit-box-shadow:none;-moz-box-shadow:none;box-shadow: none;border-width:1px;color:#fff;border-color:#fff;}#wrapper .fusion-button.button-2:hover,.fusion-button.button-2:focus,.fusion-button.button-2:active{border-width:1px;border-color:#fff;color:#fff;}#wrapper .fusion-button.button-2{background: #00cc66;}#wrapper .fusion-button.button-2:hover,.button-2:focus,.fusion-button.button-2:active{background: #00cc66;}<\/style><a class=\"button small button custom fusion-button button-flat button-round button-small button-custom button-2 buttonshadow-no\" target=\"_self\" href=\"https:\/\/www.sedigas.es\/informeanual\/2022\/wp-content\/uploads\/2023\/06\/Gasineras-operativas-en-Espa\u00f1a.xlsx\"><i class=\"fa fa-file-image-o button-icon-left\"><\/i><span class=\"fusion-button-text\">XLS<\/span><\/a><\/div><\/div><div class=\"fusion-clearfix\"><\/div><div class=\"fusion-sep-clear\"><\/div><div class=\"fusion-separator fusion-full-width-sep sep-double\" style=\"border-color:#e0dede;margin-top:10px;margin-bottom:10px;\"><\/div>\n","protected":false},"excerpt":{"rendered":"","protected":false},"author":1,"featured_media":0,"parent":0,"menu_order":0,"comment_status":"open","ping_status":"open","template":"","meta":{"footnotes":""},"class_list":["post-2543","page","type-page","status-publish","hentry"],"_links":{"self":[{"href":"https:\/\/www.sedigas.es\/informeanual\/2022\/wp-json\/wp\/v2\/pages\/2543","targetHints":{"allow":["GET"]}}],"collection":[{"href":"https:\/\/www.sedigas.es\/informeanual\/2022\/wp-json\/wp\/v2\/pages"}],"about":[{"href":"https:\/\/www.sedigas.es\/informeanual\/2022\/wp-json\/wp\/v2\/types\/page"}],"author":[{"embeddable":true,"href":"https:\/\/www.sedigas.es\/informeanual\/2022\/wp-json\/wp\/v2\/users\/1"}],"replies":[{"embeddable":true,"href":"https:\/\/www.sedigas.es\/informeanual\/2022\/wp-json\/wp\/v2\/comments?post=2543"}],"version-history":[{"count":42,"href":"https:\/\/www.sedigas.es\/informeanual\/2022\/wp-json\/wp\/v2\/pages\/2543\/revisions"}],"predecessor-version":[{"id":3516,"href":"https:\/\/www.sedigas.es\/informeanual\/2022\/wp-json\/wp\/v2\/pages\/2543\/revisions\/3516"}],"wp:attachment":[{"href":"https:\/\/www.sedigas.es\/informeanual\/2022\/wp-json\/wp\/v2\/media?parent=2543"}],"curies":[{"name":"wp","href":"https:\/\/api.w.org\/{rel}","templated":true}]}}