{"id":116,"date":"2015-01-16T12:39:56","date_gmt":"2015-01-16T11:39:56","guid":{"rendered":"http:\/\/www.sedigas.es\/informeanual\/2015\/?page_id=116"},"modified":"2023-06-17T13:25:07","modified_gmt":"2023-06-17T11:25:07","slug":"carta-del-presidente","status":"publish","type":"page","link":"https:\/\/www.sedigas.es\/informeanual\/2022\/carta-del-presidente\/","title":{"rendered":"Carta del presidente"},"content":{"rendered":"<div class=\"fusion-two-third two_third fusion-layout-column fusion-column spacing-yes\"><div class=\"fusion-column-wrapper\">\n<h2><strong>Un sistema gasista nacional resiliente, seguro y solidario <\/strong><\/h2>\n<p><strong><em>Joan Batalla,\u00a0<\/em>Presidente de Sedigas<\/strong><div class=\"fusion-sep-clear\"><\/div><div class=\"fusion-separator fusion-full-width-sep sep-none\" style=\"border-color:#e0dede;margin-top:px;\"><\/div>Resliencia, seguridad de suministro y solidaridad. Estas expresiones podr\u00edan definir perfectamente el desempe\u00f1o del sistema gasista en 2022.<\/p>\n<p>El sistema espa\u00f1ol ha funcionado con normalidad y con una disponibilidad del 100% durante todas las horas del ejercicio 2022, garantizando el suministro de gas natural a pesar de la incierta y vol\u00e1til coyuntura internacional. Nuestro sistema se ha consolidado como un referente para la seguridad de suministro en el \u00e1mbito europeo. Contamos con unas infraestructuras modernas y resilientes, con la mayor capacidad de almacenamiento de gas natural licuado y regasificaci\u00f3n del continente europeo, as\u00ed como amplia y mallada red de transporte y distribuci\u00f3n.<\/p>\n<p>La solidaridad ha sido otra de las claves que han definido el ejercicio 2022. El sector gasista espa\u00f1ol ha contribuido a la seguridad de suministro del resto de pa\u00edses de la Uni\u00f3n Europea, a trav\u00e9s de la recarga de buques de GNL desde las terminales espa\u00f1olas, que se ha incrementado un 45% con respecto al a\u00f1o precedente, o la exportaci\u00f3n de gas natural a trav\u00e9s de nuestras conexiones internacionales con Francia y Portugal, que han operado al m\u00e1ximo nivel de su capacidad en muchos momentos a lo largo del a\u00f1o. Las exportaciones alcanzaron su cifra m\u00e1s alta desde 2016.<\/p>\n<p>Tambi\u00e9n quisiera destacar el incremento de la contribuci\u00f3n de las centrales de ciclo combinado a la generaci\u00f3n el\u00e9ctrica, que se ha incrementado m\u00e1s de un 50%\u00a0respecto del 2021. Una muestra del papel clave del gas natural y de las infraestructuras gasistas para garantizar la seguridad energ\u00e9tica de nuestro pa\u00eds.<\/div><\/div><div class=\"fusion-one-third one_third fusion-layout-column fusion-column last spacing-yes\"><div class=\"fusion-column-wrapper\"><span class=\"fusion-imageframe imageframe imageframe-none imageframe-1\"> <img decoding=\"async\" src=\"https:\/\/www.sedigas.es\/informeanual\/2022\/wp-content\/uploads\/2015\/01\/Joan-Batalla-presidente-de-Sedigas-Informe-Anual-2021.jpg\" alt=\"\" class=\"img-responsive\" \/><\/span>\n<h6 style=\"text-align: right;\"><span style=\"color: #000000;\">Joan Batalla<\/span><em><span style=\"color: #1684b9;\"><br \/>\n<\/span><\/em><\/h6>\n<\/div><\/div><div class=\"fusion-clearfix\"><\/div>\n","protected":false},"excerpt":{"rendered":"","protected":false},"author":1,"featured_media":0,"parent":0,"menu_order":0,"comment_status":"open","ping_status":"open","template":"","meta":{"footnotes":""},"class_list":["post-116","page","type-page","status-publish","hentry"],"_links":{"self":[{"href":"https:\/\/www.sedigas.es\/informeanual\/2022\/wp-json\/wp\/v2\/pages\/116","targetHints":{"allow":["GET"]}}],"collection":[{"href":"https:\/\/www.sedigas.es\/informeanual\/2022\/wp-json\/wp\/v2\/pages"}],"about":[{"href":"https:\/\/www.sedigas.es\/informeanual\/2022\/wp-json\/wp\/v2\/types\/page"}],"author":[{"embeddable":true,"href":"https:\/\/www.sedigas.es\/informeanual\/2022\/wp-json\/wp\/v2\/users\/1"}],"replies":[{"embeddable":true,"href":"https:\/\/www.sedigas.es\/informeanual\/2022\/wp-json\/wp\/v2\/comments?post=116"}],"version-history":[{"count":81,"href":"https:\/\/www.sedigas.es\/informeanual\/2022\/wp-json\/wp\/v2\/pages\/116\/revisions"}],"predecessor-version":[{"id":3490,"href":"https:\/\/www.sedigas.es\/informeanual\/2022\/wp-json\/wp\/v2\/pages\/116\/revisions\/3490"}],"wp:attachment":[{"href":"https:\/\/www.sedigas.es\/informeanual\/2022\/wp-json\/wp\/v2\/media?parent=116"}],"curies":[{"name":"wp","href":"https:\/\/api.w.org\/{rel}","templated":true}]}}